 of 593969?
9
What is the hundreds digit of 119737?
7
What is the tens digit of 797731?
3
What is the units digit of 10213570?
0
What is the thousands digit of 252956?
2
What is the ten thousands digit of 23062741?
6
What is the hundred thousands digit of 288926?
2
What is the hundred thousands digit of 478378?
4
What is the thousands digit of 139501?
9
What is the thousands digit of 13315600?
5
What is the hundreds digit of 525514?
5
What is the tens digit of 3315043?
4
What is the thousands digit of 11573143?
3
What is the units digit of 654069?
9
What is the thousands digit of 35055?
5
What is the units digit of 479571?
1
What is the hundred thousands digit of 1340345?
3
What is the units digit of 4840292?
2
What is the thousands digit of 76340?
6
What is the thousands digit of 12567217?
7
What is the units digit of 3806951?
1
What is the hundred thousands digit of 245882?
2
What is the hundred thousands digit of 2497863?
4
What is the hundred thousands digit of 3857830?
8
What is the hundreds digit of 624768?
7
What is the hundreds digit of 343131?
1
What is the thousands digit of 1476593?
6
What is the hundred thousands digit of 7671418?
6
What is the tens digit of 326320?
2
What is the hundreds digit of 222847?
8
What is the ten thousands digit of 30515283?
1
What is the units digit of 77655?
5
What is the tens digit of 10258178?
7
What is the tens digit of 1596842?
4
What is the hundreds digit of 99507?
5
What is the tens digit of 16761078?
7
What is the millions digit of 11871063?
1
What is the millions digit of 2765243?
2
What is the units digit of 913160?
0
What is the hundreds digit of 82271?
2
What is the hundred thousands digit of 348229?
3
What is the ten thousands digit of 174745?
7
What is the thousands digit of 976853?
6
What is the thousands digit of 329018?
9
What is the tens digit of 309768?
6
What is the millions digit of 10438440?
0
What is the hundreds digit of 3322308?
3
What is the ten thousands digit of 292634?
9
What is the ten millions digit of 10690099?
1
What is the thousands digit of 876295?
6
What is the hundreds digit of 8608281?
2
What is the units digit of 13643996?
6
What is the thousands digit of 5658355?
8
What is the units digit of 9470951?
1
What is the units digit of 378449?
9
What is the tens digit of 2789889?
8
What is the ten thousands digit of 2268409?
6
What is the hundred thousands digit of 8478545?
4
What is the units digit of 3679291?
1
What is the hundred thousands digit of 17402524?
4
What is the millions digit of 1571728?
1
What is the tens digit of 1725473?
7
What is the hundred thousands digit of 1309119?
3
What is the hundred thousands digit of 1254345?
2
What is the hundred thousands digit of 721937?
7
What is the thousands digit of 1890559?
0
What is the hundred thousands digit of 356306?
3
What is the hundreds digit of 15838593?
5
What is the hundred thousands digit of 1312823?
3
What is the hundreds digit of 9013?
0
What is the tens digit of 1602856?
5
What is the units digit of 118240?
0
What is the thousands digit of 151742?
1
What is the units digit of 1023601?
1
What is the ten thousands digit of 20715122?
1
What is the hundreds digit of 353301?
3
What is the ten thousands digit of 417279?
1
What is the units digit of 132566?
6
What is the tens digit of 146567?
6
What is the hundred thousands digit of 485814?
4
What is the hundreds digit of 426157?
1
What is the units digit of 410042?
2
What is the hundred thousands digit of 2653594?
6
What is the units digit of 26060217?
7
What is the thousands digit of 33426654?
6
What is the ten millions digit of 11674903?
1
What is the units digit of 526345?
5
What is the thousands digit of 5926617?
6
What is the ten thousands digit of 606264?
0
What is the hundreds digit of 6745812?
8
What is the tens digit of 414974?
7
What is the hundreds digit of 168368?
3
What is the millions digit of 1209660?
1
What is the ten thousands digit of 263616?
6
What is the tens digit of 1661565?
6
What is the thousands digit of 132019?
2
What is the hundred thousands digit of 4174606?
1
What is the thousands digit of 14309557?
9
What is the ten thousands digit of 1176749?
7
What is the hundreds digit of 16545389?
3
What is the thousands digit of 3007714?
7
What is the units digit of 1874282?
2
What is the ten thousands digit of 1043959?
4
What is the hundred thousands digit of 217638?
2
What is the thousands digit of 18211359?
1
What is the units digit of 18900?
0
What is the tens digit of 645845?
4
What is the hundred thousands digit of 2402342?
4
What is the hundreds digit of 763367?
3
What is the hundreds digit of 1261967?
9
What is the units digit of 17004788?
8
What is the hundreds digit of 605489?
4
What is the millions digit of 6004868?
6
What is the units digit of 8441903?
3
What is the millions digit of 7749162?
7
What is the units digit of 140041?
1
What is the tens digit of 158302?
0
What is the hundreds digit of 350164?
1
What is the ten thousands digit of 341322?
4
What is the units digit of 206504?
4
What is the units digit of 873218?
8
What is the hundreds digit of 5842204?
2
What is the hundreds digit of 3449017?
0
What is the units digit of 23362642?
2
What is the hundred thousands digit of 387652?
3
What is the hundred thousands digit of 803243?
8
What is the tens digit of 6863839?
3
What is the tens digit of 1438983?
8
What is the millions digit of 2491571?
2
What is the hundred thousands digit of 120200?
1
What is the tens digit of 3211870?
7
What is the millions digit of 2736310?
2
What is the units digit of 340602?
2
What is the tens digit of 2866971?
7
What is the hundreds digit of 2831014?
0
What is the units digit of 1531729?
9
What is the thousands digit of 214119?
4
What is the tens digit of 892121?
2
What is the ten millions digit of 15182104?
1
What is the hundred thousands digit of 604855?
6
What is the thousands digit of 6726820?
6
What is the hundreds digit of 316893?
8
What is the units digit of 252496?
6
What is the millions digit of 15801254?
5
What is the units digit of 6148454?
4
What is the tens digit of 4938534?
3
What is the hundreds digit of 2074554?
5
What is the thousands digit of 33874608?
4
What is the tens digit of 2316898?
9
What is the tens digit of 163974?
7
What is the hundreds digit of 294942?
9
What is the tens digit of 415284?
8
What is the hundred thousands digit of 708735?
7
What is the millions digit of 2006219?
2
What is the hundreds digit of 3231285?
2
What is the hundred thousands digit of 220106?
2
What is the ten thousands digit of 22874?
2
What is the units digit of 2831061?
1
What is the hundreds digit of 2172932?
9
What is the tens digit of 157900?
0
What is the millions digit of 2416304?
2
What is the thousands digit of 7029?
7
What is the ten thousands digit of 46699?
4
What is the ten thousands digit of 333156?
3
What is the tens digit of 3893417?
1
What is the tens digit of 7793966?
6
What is the units digit of 142579?
9
What is the tens digit of 377057?
5
What is the ten thousands digit of 13543576?
4
What is the ten thousands digit of 2310502?
1
What is the units digit of 513879?
9
What is the millions digit of 2727766?
2
What is the millions digit of 2128492?
2
What is the hundred thousands digit of 9675386?
6
What is the hundreds digit of 318537?
5
What is the hundreds digit of 4090891?
8
What is the hundreds digit of 144185?
1
What is the thousands digit of 501455?
1
What is the ten thousands digit of 74539?
7
What is the hundred thousands digit of 2658717?
6
What is the ten thousands digit of 4722764?
2
What is the thousands digit of 2663812?
3
What is the hundreds digit of 38154?
1
What is the hundreds digit of 1820530?
5
What is the millions digit of 20248525?
0
What is the thousands digit of 196088?
6
What is the units digit of 1366888?
8
What is the tens digit of 1022056?
5
What is the hundred thousands digit of 3728285?
7
What is the units digit of 22901110?
0
What is the thousands digit of 876371?
6
What is the thousands digit of 4032664?
2
What is the hundreds digit of 150027?
0
What is the hundreds digit of 949393?
3
What is the thousands digit of 4340379?
0
What is the units digit of 6444512?
2
What is the hundreds digit of 297359?
3
What is the hundred thousands digit of 38